of l**4/12 + 7*l**2/2 + 10*l. List the prime factors of h(-9).
2, 11
Suppose -554 = -4*h - 130. Let d = -191 + h. Let k = -48 - d. List the prime factors of k.
37
Suppose 2 = -x + 2*m, -1 = -4*x - 3*m + 2*m. Suppose 8 = 2*a - x*a. Suppose -2*l = -a*g - 43 - 5, 0 = -g. What are the prime factors of l?
2, 3
Let k be -177*(-3 + (-24)/(-9)). Suppose 2*l + 49 = -k. Let i = -28 - l. What are the prime factors of i?
2, 13
Let r be (-1)/((-32)/(-10) + -3). Let z(v) = -8*v - 6. What are the prime factors of z(r)?
2, 17
Suppose 6 = -14*t + 16*t. Suppose -t*g + 503 = 5*i, 4*g - 3*i + 2*i - 640 = 0. What are the prime factors of g?
7, 23
Suppose -5*o = -2*v - 5 - 9, 5*v - 15 = 0. Suppose -228 = -o*d + 5*z, 5*d = 5*z - 77 + 367. What are the prime factors of d?
2, 31
Suppose -2*o + 0*o = -2*c - 28, -o - 3*c + 22 = 0. What are the prime factors of o/(-4) - -79 - 3?
2, 3
Let y = 50 + 36. Let d = y - -41. List the prime factors of d.
127
Suppose y - 25 = -s - 3*y, 4*s - 40 = -4*y. Suppose 13 - s = d. What are the prime factors of d?
2
Let i = 15 + -15. Suppose l + 40 - 55 = i. List the prime factors of l.
3, 5
Suppose 17 = -2*q - 69. Let d = 17 - q. List the prime factors of d.
2, 3, 5
Let v = 115 - 127. Suppose -3 = -t + 1. List the prime factors of t - 2 - (v + 2).
2, 3
Let a(i) = -5*i - 2*i**2 - 5*i**2 + 8*i**2 - 6 + 24*i. What are the prime factors of a(-22)?
2, 3, 5
Let c(f) = 2*f + 1. Let x(j) = -24*j + 30. Let o(k) = 3*c(k) + x(k). List the prime factors of o(-8).
3, 59
Let h be (-3)/((-18)/21) - 3/6. Suppose -6*x = -h*x - 144. What are the prime factors of x?
2, 3
What are the prime factors of -1 - (-55)/1 - (2 - -3)?
7
Let a be -214*((-27)/6 + 4). Let c = a - 76. Suppose -93 - c = -4*g. List the prime factors of g.
31
Let u(b) = -4*b + 399. List the prime factors of u(-60).
3, 71
Suppose -2*q - 5*u + 7*u = -96, -2*u = -4. Suppose 4*s + 3*t - 4*t = 50, -s + 3*t + 7 = 0. Suppose -m + s = -q. What are the prime factors of m?
3, 7
Let d be -6*(-3)/6 + 206. Let o be (-4)/(-18) - (-86)/18. Suppose o*y = 31 + d. List the prime factors of y.
2, 3
Suppose 2*i + 4*x = 794, -2*i + 1187 = 3*x + 393. What are the prime factors of i?
397
Let z be 11/(-6) - -2 - 22/(-12). Suppose -g = 0, -2*m + 5*g - z*g = -586. What are the prime factors of m?
293
Suppose -3*f = -5*f + 50. Suppose 2*o + 3*o = f. What are the prime factors of (o/15)/((-2)/(-66))?
11
Suppose 3*d = 3*f - 1413, 4*f + 2*d - d - 1899 = 0. List the prime factors of f.
2, 3, 79
Let a = 10 - 10. Suppose t + a = 14. List the prime factors of t.
2, 7
List the prime factors of (-1*(-5)/(-25))/((-1)/2305).
461
Let l(i) = -4*i**3 - i**2 + 6*i - 1. Let z be l(-5). Let u = z - 310. Let c = u + -69. What are the prime factors of c?
5, 13
Suppose 104*g - 3222 = 95*g. What are the prime factors of g?
2, 179
Suppose -5*k + r = -1, -2*r - 3 = -11. Suppose -18 = -3*j - 3*w, -2*j - k = 2*j - w. Suppose 0 = 2*f + 2*i - 24, j - 3 = -i. List the prime factors of f.
2, 5
Let l be (-1 - -3)*65/26. Suppose l = h - 41. What are the prime factors of h?
2, 23
Suppose 15*u - 14*u = 31. Let z = u - 21. What are the prime factors of z?
2, 5
Let c(v) be the second derivative of v**4/6 - 5*v**3/2 - 12*v**2 + 27*v. List the prime factors of c(-6).
2, 3, 23
Let o be (-33)/(-12) + (-3)/4. Suppose 4*z - 886 = -2*i, 2*z - 428 = o*i - 0*i. What are the prime factors of z?
3, 73
Let x = 257 + 198. List the prime factors of x.
5, 7, 13
Let x be 6/14 + 3/(-7). Suppose x = -2*d + 3*d - 4*f - 60, -207 = -3*d + 3*f. List the prime factors of d.
2, 3
Let h(k) = 4*k**3 - 8*k - 1. What are the prime factors of h(8)?
3, 661
Let c(h) = 8*h**2 - 5*h - h**3 - 10*h**3 + 10*h**3. What are the prime factors of c(5)?
2, 5
Let o(d) = d**3 + 17*d**2 - 4*d - 11. List the prime factors of o(-14).
3, 211
Let b be (-9)/(-12)*(2 + 2). Suppose b*q - 157 = 71. What are the prime factors of q?
2, 19
Let m(t) = -6*t + 56. What are the prime factors of m(-10)?
2, 29
Let w = -2111 + 3705. List the prime factors of w.
2, 797
Let q be (-10)/(-45) - (-284)/18. Let x = q - 11. Suppose x*l - 44 = 61. What are the prime factors of l?
3, 7
Let n(b) be the second derivative of -3*b**3 - 17*b**2/2 - 5*b. What are the prime factors of n(-4)?
5, 11
Let p = -6463 - -11154. List the prime factors of p.
4691
Let f(r) = -r**3 + 19*r + 68. List the prime factors of f(-16).
2, 5, 193
Let m(g) = -g**3 + 21*g**2 - 2*g - 15. List the prime factors of m(16).
3, 137
Let o = -558 + 1398. List the prime factors of o.
2, 3, 5, 7
Let r(y) = -226*y + 15. What are the prime factors of r(-1)?
241
Let o = 477 - 444. What are the prime factors of o?
3, 11
Let m be (-4)/(-22) - 138/33 - 171. Let w = -73 - m. What are the prime factors of w?
2, 3, 17
Suppose -11*r = -5116 - 2144. What are the prime factors of r?
2, 3, 5, 11
Let l(q) = -2 - 6 + q**2 + 6 + 17*q - 5. List the prime factors of l(-21).
7, 11
Let z(x) = 2*x**2 - x - 2. Let d = 1 - -1. Let y be z(d). Suppose -3*f = y*m - 73, m + 5 = -f + 22. What are the prime factors of m?
2, 11
Suppose 0 = 14*a - 356 - 232. Suppose 0 = y - 3*z - 83, -y + a = -4*z - 37. List the prime factors of y.
5, 19
Let m(n) = 50*n - 6. Suppose -a - 8 = -5*z, -3*a - 2*z - 2 = -6*a. List the prime factors of m(a).
2, 47
What are the prime factors of (-35)/5 - (6 - 914)?
17, 53
Suppose 12 = -4*g, 5*i - 5*g = -g + 577. What are the prime factors of i?
113
Suppose 2*u - 2544 = u - 2*n, 4*u - 2*n = 10176. What are the prime factors of u?
2, 3, 53
Suppose 4*k + 7 = -u, -5*k - 2*u - 6 = 2*u. What are the prime factors of (7 + -10 - k/2) + 42?
2, 5
Let t(y) = 10*y - 66. Let c be t(7). List the prime factors of (2/c*-1)/(59/(-6136)).
2, 13
Let m(t) = -369*t + 664. What are the prime factors of m(-8)?
2, 113
Suppose -y = 4*n - 29, 5*y + 3*n = 140 - 12. Suppose b + 4*d = 4*b - y, 3*b - 19 = -2*d. What are the prime factors of b?
7
Let v be 9 + 0 + -2 + 4. Suppose 5*j - v = -1. Suppose -j*d + 163 - 41 = 0. What are the prime factors of d?
61
Let w(q) = -q - 5. Suppose 5*g + 24 = g. Let h be w(g). What are the prime factors of -2*((-11)/h - 3)?
2, 7
Suppose 0 = -149*g + 153*g + 3*h - 4976, -5*h = -g + 1221. What are the prime factors of g?
17, 73
Let q(o) be the first derivative of -5*o**2/2 - o - 22. List the prime factors of q(-4).
19
Suppose -3*a + 641 = 5*p, -4*a + 5*p + 204 = -639. List the prime factors of a.
2, 53
Let q(t) = -t**3 - 45*t**2 - 32*t - 68. List the prime factors of q(-45).
2, 7
Suppose -34*y + 32*y = -20. Let v(n) = n + 31. List the prime factors of v(y).
41
Suppose 0*a - 3 = -a + 2*t, -t = 4*a - 39. Let x = a + 100. What are the prime factors of x?
109
Let i be (-3)/(-2)*(-3 - -7). Suppose 5*h = 15, 5 = -w - 3*h + i*h. Suppose w*r - 64 = 24. What are the prime factors of r?
2, 11
Let j(f) = 16*f**2 + 2*f + 1. Let u be j(-1). Let t = -79 + 88. Let i = t + u. What are the prime factors of i?
2, 3
Suppose 2*n - 40 = -v + 4*v, 2*n - 4*v - 38 = 0. What are the prime factors of n?
23
Let j be 9 - ((-6)/(-2) + -2). Suppose -5*s - j = -7*s. Suppose -i = 5*v - 23, s*v - 6 = 2*i + 4. What are the prime factors of v?
2
Let f(k) = -3*k**2 + 163*k - 37. What are the prime factors of f(47)?
997
Let q(p) = -11*p - 4. Let s be q(2). Let y = 3 - s. List the prime factors of y.
29
Suppose 4*r = -3*g - 58, r + 105 = -5*g + 31. Let l be (-18 - g)*(-3)/(-2). List the prime factors of l/3*1 + 11.
3
List the prime factors of (10/40)/(2/1544).
193
Let g = -80 + 80. What are the prime factors of (-1)/((-5 - g)/190)?
2, 19
Let m = 2841 - 210. What are the prime factors of m?
3, 877
Suppose -3*l = -6695 + 56. List the prime factors of l.
2213
Suppose 0 = 8*r + 76 - 1548. Suppose 172 + r = 4*f. List the prime factors of f.
89
Suppose f - 3117 = -2*h, -21*h - 3123 = -f - 26*h. What are the prime factors of f?
11, 283
Let h = -32 - -36. Suppose h*o - o = 57. What are the prime factors of o?
19
Let d(p) = 44*p**3 + p**2 - 3*p + 14. What are the prime factors of d(3)?
2, 601
Let z = 32 - 27. Suppose 0 = z*w - 15, -13 = -i - 0*w - 3*w. Let x(m) = 3*m**2 - 3*m - 7. List the prime factors of x(i).
29
Let l(f) = 9*f**2 - 10*f + 53. What are the prime factors of l(9)?
2, 173
Suppose -24*f = -17415 - 80145. What are the prime factors of f?
3, 5, 271
Suppose 2*q + 2*q = -2*o + 50, -4*q - 82 = 